+ 8 = 0. Let o(y) = -25*y - r + 5*y + 6 + 0. Let n be o(-7). Calculate the greatest common factor of 16 and n.
16
Let w be 96/9*(-99)/(-44). Suppose -d + 9 = -3. What is the greatest common factor of d and w?
12
Let g = 3238 - 1863. What is the greatest common factor of 33 and g?
11
Let b be 30/4 + (-3)/6. Suppose 0 = 5*r + 3*f + b, 3*f + 4 = 2*f. Let v = -19 - -20. What is the highest common factor of r and v?
1
Let y = 4 - -1. Suppose 0 = -y*h + 7*h - 168. Suppose 0 = -2*g - 10, -2*m + g + 29 = -0*m. What is the greatest common divisor of m and h?
12
Let b be 2/11 - (1 - 31505/55). Suppose -4 = -4*v + 4*u, 2*v - 6*v = -2*u - 14. Let m be b/v + 6/(-18). What is the highest common factor of 19 and m?
19
Let c = 4 + 138. Suppose 2*g = f + 58, -4*f - c = -4*g - g. Calculate the highest common factor of g and 45.
15
Let j be 1 + 0 - 0/(-6). Calculate the highest common divisor of 27 and j.
1
Let v(z) be the third derivative of -z**6/120 + 3*z**5/20 + z**4/8 + 5*z**3/6 - 4*z**2. Let s be v(9). Calculate the highest common divisor of s and 4.
4
Let z be 2 + 1 + 48*12/36. Calculate the highest common divisor of z and 2033.
19
Let j = 4 + -7. Suppose -r = -2 - 0. Let p = r - j. What is the greatest common factor of 40 and p?
5
Let y be 15*(7/5 + -1). Let j(g) = -g**2 + 24*g + 260. Let a be j(32). What is the greatest common factor of a and y?
2
Let c(q) = -8*q + 3. Let x be -14*(3 - 23/7). Suppose x*a = 4 - 16. Let s be c(a). What is the highest common factor of s and 54?
27
Let f = 303 + -183. What is the greatest common divisor of f and 45?
15
Suppose -w + 5*w - 3*y - 3 = 0, 9 = 3*y. Suppose -k - w + 18 = 0. Let i(j) = -3*j. Let s be i(-5). Calculate the greatest common divisor of k and s.
15
Let t(w) = -w**2 - 7*w - 1. Suppose 18 = 3*z + 36. Let v be t(z). Suppose -5*b - 5*p + 30 = 0, -2*p = -p + v. What is the highest common factor of b and 77?
11
Let d = -74 - -118. Let s = -4 - 6. Let u be (44/(-3))/(s/15). What is the highest common factor of d and u?
22
Let p be 2/6 - 85/(-15). Let s be (-8 - -13) + (-3)/(2 + -5). What is the greatest common factor of p and s?
6
Let v(b) = 11*b**2 + 5*b + 2. Let t be 7/((-7)/4) + 2. Let z be v(t). Let i = z + -9. What is the greatest common factor of 297 and i?
27
Suppose -22 + 38 = 4*l. Suppose 200 = l*b + b. Calculate the greatest common divisor of 8 and b.
8
Suppose -350 = 5*b - w - 2416, -4*w = 5*b - 2061. Calculate the highest common factor of 59 and b.
59
Let a be 4/(-14) + 0 - 1096/(-14). Let z = -64 + a. Suppose -4*i + 3*s = i - 490, -2*s - 196 = -2*i. Calculate the highest common divisor of z and i.
14
Let g = 212 + -103. Let d = g + -68. Calculate the greatest common factor of d and 287.
41
Let z(n) = n + 50. Let j be z(0). Let d be 2090/j - (-2)/10. Let w be 6*7/(d/8). What is the highest common factor of 80 and w?
8
Suppose 0 = 3*p + x - 11 - 5, p - 4*x = 14. Let r = p - -11. Calculate the highest common divisor of r and 153.
17
Let b(i) = -9*i**2 - 5 + 10 + 28*i**3 - 7*i - 18*i**3 - 9*i**3. Let z be b(10). Calculate the greatest common factor of z and 14.
7
Let i(o) = 2*o**2 - 5*o + 3. Let d be i(3). Let p = -5 + d. Calculate the highest common divisor of 4 and p.
1
Let o(i) be the second derivative of i**3/3 - 7*i**2/2 + 6*i. Let g be o(8). Calculate the greatest common divisor of 6 and g.
3
Suppose 2*b = 6*l - 3*l + 12, 0 = 2*b + 5*l - 12. Suppose -2*u = -0*u - 6. What is the greatest common factor of b and u?
3
Let j be 15/(-25) + 1708/(-20). Let b = j - -161. What is the highest common factor of 15 and b?
15
Let u(o) = 184*o**2 + 2*o. Let k be u(-1). Let f = -50 + k. What is the highest common divisor of 12 and f?
12
Suppose 0 = -3*q + 5*r + 51, -q + 27 + 0 = -5*r. Let h be 1*q/8*78. Calculate the highest common divisor of h and 13.
13
Let j = 126 + -113. Calculate the highest common divisor of 39 and j.
13
Let d = 274 + -255. What is the greatest common divisor of 551 and d?
19
Let v be (-574)/49 - 4/14. Let f be (120/(-9))/(2/v). Calculate the greatest common factor of 10 and f.
10
Let l be (4/(-12))/(1/(-15)). Let z be ((-14)/30 - (-11)/(-55))*-30. Calculate the highest common divisor of l and z.
5
Suppose -x - 2*x = -24. Let i(v) = -2*v - 19. Let k be i(-8). Let q be 96/(k + 36/8). Calculate the highest common factor of x and q.
8
Let v = 41 - 32. Suppose 4*y - v*y = -175. Calculate the greatest common divisor of y and 14.
7
Let l be 531 + 14 + -3 + -9. Calculate the greatest common factor of 41 and l.
41
Let v be (1 - (-16 + 2)) + -1. Suppose -26 - v = -5*c. Suppose c = -2*h, -5*h + 2*h - 18 = -a. What is the highest common divisor of a and 66?
6
Let y(f) = 2*f**2 + 3*f + 8. Let o be y(-4). Let s be ((-36)/28 + 8/o)*-1. What is the highest common factor of 1 and s?
1
Let m(p) be the first derivative of -p**4/4 - 14*p**3/3 + 15*p**2/2 + 11*p - 5. Let h be m(-15). What is the highest common divisor of 88 and h?
11
Let w be (-2 + -1)/((-1)/1). Suppose m + 4*p - 8 = 5*m, 4*p = -5*m + 17. What is the greatest common divisor of w and m?
1
Suppose -2*f = c - 22 - 42, c + 4*f = 74. Let a = c - 26. Calculate the highest common factor of a and 112.
28
Suppose 4*h + 10 = 9*h. Let j(k) = 10 + k - 14 + 4*k + k**h. Let z be j(-7). What is the greatest common divisor of 2 and z?
2
Suppose 12 = l - 2*g, -3*l - 2*g + 11 = -3*g. Suppose 4 - 19 = -5*f. Suppose -f*z = z - 88. Calculate the highest common divisor of l and z.
2
Let t(o) = -15*o + 450. Let y be t(27). Calculate the greatest common factor of 75 and y.
15
Suppose -463*a = -453*a - 32120. Calculate the greatest common divisor of 44 and a.
44
Let x(a) = -3*a + 18. Let n be x(6). Suppose n = 3*u + u + 3*d - 288, 4*d = -4*u + 288. Calculate the greatest common factor of 27 and u.
9
Suppose -5*l + 180 = 5*o, -5*l + 4*l = 4*o - 42. Let w(i) = -127*i - 262. Let b be w(-3). Calculate the highest common factor of l and b.
17
Let s(w) = -w**3 + 7*w**2 - 4*w - 5. Let p be s(4). Calculate the highest common divisor of p and 81.
27
Let p(g) be the second derivative of -9*g**3/2 - g. Let d be p(-5). Suppose 115 = 9*k - 20. What is the greatest common divisor of d and k?
15
Suppose 0 = -2*u + 2 + 6, 2*h + 5*u = 120. Calculate the highest common divisor of h and 150.
50
Let j be 110/(-9) - -6 - (-2)/9. Let l be (2/j - -1)*(-324)/(-24). What is the greatest common divisor of l and 63?
9
Let d be (-2)/(-4) - (-684)/(-24). Let p = 12 - d. Calculate the highest common factor of 5 and p.
5
Suppose -6*h = -2*h - 1364. Let n = 23 + 8. Calculate the greatest common factor of h and n.
31
Suppose -c + 4 - 1 = 0. Suppose p + 946 = 3*j, -c*j + 941 = p + 3*p. Let s = j - 225. What is the greatest common factor of 10 and s?
10
Let k = -968 + 1012. Calculate the highest common divisor of 253 and k.
11
Let v be 1 + (-4)/(5 - 6). What is the highest common divisor of v and 2?
1
Let x(q) = 3*q - 3. Let d be x(4). Let b = d + 1. Let c = -2 + b. Calculate the greatest common divisor of 2 and c.
2
Suppose h - 125 = -4*z, 115 = z + 3*h + 92. Calculate the highest common divisor of z and 260.
4
Suppose 2*p - 7 = 57. Suppose -5*t - 20 = 0, t = -0*v - 4*v + 28. What is the greatest common divisor of p and v?
8
Let q(c) = -22*c - 10. Let s = 4 + -6. Let l be (s - -3)*(-21)/3. Let v be q(l). Calculate the greatest common divisor of 16 and v.
16
Let g = -381 + 394. Let d be (-5)/(-2)*-1*-26. Suppose -4*k = -3*k - d. Calculate the greatest common factor of k and g.
13
Suppose 3*l = -g + 2, 3*g - 2*l = -4*l + 13. Let r = 8 - g. Suppose -r*k + 36 = -3*p, -32 = -2*k - k + 4*p. What is the highest common factor of 2 and k?
2
Let y be (-22)/55 + 374/10. Let l = y - 25. Suppose -3*q + 372 = k + 2*k, 0 = 2*k - q - 236. What is the highest common factor of l and k?
12
Suppose 0 = -3*h - 3*p + 1287, -7*p + 3*p = h - 444. What is the greatest common divisor of 954 and h?
106
Suppose -5*g + 162 = -3*p - 77, 4*g + p = 181. Calculate the greatest common divisor of g and 1978.
46
Suppose 0 = -i + 5 - 2. Suppose 477 = 5*v - 113. Suppose 0 = 5*p + i*w - 116, -p - 4*p - 4*w + v = 0. What is the highest common factor of 88 and p?
22
Let f be (7/5)/(9/90). Let r = 18 + -13. Let u(x) = x**2 + 2*x. Let g be u(r). What is the greatest common divisor of g and f?
7
Suppose 0 = t - 46 - 35. Suppose 5*l = 13 +